 prime factors of s.
2
Let c = -2040 - -3515. What are the prime factors of c?
5, 59
Suppose -n - 5*r + 65 = 0, 3*n + 2*r - 6*r - 271 = 0. Let d = -46 + n. List the prime factors of d.
3, 13
Suppose -5*g = -8*g + 15. Let j be 4/20 - 201/g. List the prime factors of (1*j - 2)/(-1).
2, 3, 7
List the prime factors of -4 - -1 - (-361 - -11).
347
Let c(k) = 36*k - 65. List the prime factors of c(13).
13, 31
Let l(f) = -f**2 - 3. Let k be l(3). Let t(m) = -11*m - 15 - m**2 - 5*m + 2*m. List the prime factors of t(k).
3
Let j be (3*1)/(15/(-10)). What are the prime factors of j/7 - (-3096)/56?
5, 11
Let z(c) = 40*c**2 + 8*c - 4. Let t be z(3). Suppose -2*g = 4*x - 252 - t, 2*g = 0. What are the prime factors of x?
2, 79
Let s be 6*(-6224)/12*-1. Suppose 3*h - s = -5*h. Suppose -2*z + 161 = -3*t, 3*t + h = 9*z - 4*z. What are the prime factors of z?
2, 19
Suppose -36 = 51*k - 52*k. What are the prime factors of k?
2, 3
Suppose 4*a - 964 = -4*m, -25 = -m - 4*m. List the prime factors of a.
2, 59
Let l = -90 - -162. Suppose -8 = -4*f - m, 5*f = -0*m + 3*m + 27. Suppose 0*u - f*u = -l. What are the prime factors of u?
2, 3
Suppose 5*v = -i + 2*i - 48, 3*v = -4*i - 38. List the prime factors of ((-266)/4)/(((-25)/v)/(-5)).
7, 19
Let a(t) = -t**3 - 21*t**2 + 29*t + 144. Let b be a(-22). Let v(x) be the second derivative of -5*x**3/6 + 17*x**2/2 - x. List the prime factors of v(b).
67
Let v(t) be the second derivative of t**7/70 + t**6/240 + t**5/60 + t**4/4 + 8*t. Let h(b) be the third derivative of v(b). List the prime factors of h(-1).
5, 7
Suppose -10*m + 25257 - 8377 = 0. What are the prime factors of m?
2, 211
Let z(v) = v**3 + 2*v**2 + 26*v - 152. What are the prime factors of z(10)?
2, 3, 109
Suppose 5*n - 2*h - 4782 = 3405, 0 = -4*n + h + 6549. What are the prime factors of n?
1637
Let m = 3 - 6. Let y be 145/(-4) + (-1)/(-4). What are the prime factors of (m - -2)/(4/y)?
3
Let d = 36 - 31. Suppose -d*s + 48 - 294 = -4*y, 0 = -y - 2*s + 68. List the prime factors of y.
2
Suppose 3*i - 5*i + 8 = 0. Let d(q) = 6*q + 1. List the prime factors of d(i).
5
Let s(h) = -2*h**3 + 20*h**2 - 3*h + 2. Let f be s(8). Suppose 4*a - 5*z - 925 = 0, 0 = -a - 0*a + 4*z + f. What are the prime factors of a?
2, 5, 23
Let c(g) = -61*g + 91. What are the prime factors of c(-8)?
3, 193
Suppose -9*k + 22 = -14. Suppose 3*f + 5*m - k = 46, -4*f = 4*m - 56. What are the prime factors of f?
2, 5
Let l be 4/(-7) - (-18)/7. Suppose l*y - k = -2*k + 252, -y + 4*k + 144 = 0. What are the prime factors of y?
2
Let x(r) = r**2 + 10*r - 8. Let c = -9 - 2. Let f be x(c). Let g = f + 29. List the prime factors of g.
2
Suppose -11*p = -4*f - 14*p + 413, 5*p = -3*f + 318. What are the prime factors of f?
101
Let s(h) = -2*h**2 - 2*h - 2. Let f be s(-2). Let v be (9/f + 1)*0. Suppose v = 3*z - z - 38. What are the prime factors of z?
19
Suppose -7*n = -331 - 10736. What are the prime factors of n?
3, 17, 31
Suppose -27*i = 34425 - 93528. What are the prime factors of i?
11, 199
Suppose 6*f + 7139 = 17*f. What are the prime factors of f?
11, 59
Let b = -3593 - -5350. What are the prime factors of b?
7, 251
What are the prime factors of (0 - 1)*-4 + 313?
317
What are the prime factors of 0/(24/(11 - 5)) + 1563?
3, 521
Suppose -16*d = -8*d + 264. Let f = 256 + d. List the prime factors of f.
223
Let u(g) = -10*g**2 + 24. Let k(i) = 9*i**2 + i - 23. Let f(l) = 4*k(l) + 3*u(l). What are the prime factors of f(5)?
2, 3, 5
Let m(p) = 9*p**2 - 80*p - 17. List the prime factors of m(11).
2, 3
Let z(m) = -m**3 + 8*m**2 - 6*m - 5. Let s be z(7). Suppose -49 = s*x - 193. List the prime factors of x.
2, 3
Suppose h - 3 = -3*u, -3*u - 3*h + 0*h = -3. Let p be (-161)/(-42) + u/6. Suppose -26 = -3*c + p*v + v, 5*v + 20 = 0. List the prime factors of c.
2
Suppose 18*x - 19*x - 148 = 0. Let m = x - -220. List the prime factors of m.
2, 3
Let q be 66/18 + 2/6. Suppose -3*l - 3*h + 14 = -2*l, -l + q*h = -35. Suppose -4*n + 12 = 0, -b + 2*b - n - l = 0. List the prime factors of b.
2, 13
Let n = -26 - -35. Let l = 4 - n. List the prime factors of 4/2 + (1 - l).
2
Let m(i) = -19*i + 1. Let u be -11*-2*1/2. Let b = u + -12. List the prime factors of m(b).
2, 5
Suppose 12*t - 2783 = 6961. What are the prime factors of t?
2, 7, 29
List the prime factors of (-6)/16 - (-47740)/160.
2, 149
Let f be 3/2*-4*4/24. What are the prime factors of 1337/14*-2*f/1?
191
Let q(a) = -1 - a**3 - 7*a**2 - 8 - 2 - 3*a**2 - 3*a. Let g be q(-10). Let k = g - -2. What are the prime factors of k?
3, 7
Suppose 2*v - 10 = 0, -3*v = -2*y - 2*y + 4857. What are the prime factors of y?
2, 3, 7, 29
Suppose 19*j = 17*j + 360. Let q be ((-2)/(-8))/(15/j). Suppose -2 = -q*f + 4. What are the prime factors of f?
2
Let a be 2/4*20 - -3. Suppose 3*w = -a - 29. List the prime factors of w/63 + 389/9.
43
Let n = 30 + -19. Let k = 40 - n. List the prime factors of k.
29
Let m(t) = -t**3 + 31*t**2 - 45*t - 27. What are the prime factors of m(23)?
2, 5, 317
Suppose -11*b + 3*b + 6320 = 0. Suppose 0 = 2*s + 3*s - b. What are the prime factors of s?
2, 79
Suppose 5*l + 5*b - 20 = 0, 2*l - l - 24 = -5*b. List the prime factors of (-4)/10*(-950)/((-5)/l).
2, 19
Suppose -7*r = 2*d - 2*r - 742, -5*d + 1821 = 4*r. List the prime factors of d.
19
Suppose 15*r - 474 = 36. List the prime factors of r.
2, 17
Let y(u) = -2*u**3 + 2*u**2 - u. Let s be y(1). Let z be s/5 + 55/25. What are the prime factors of (-36)/(z - 3)*2?
2, 3
Let a be (4/(-10))/((-5)/200). Suppose 12 = 2*b + 10. Let z = a + b. List the prime factors of z.
17
Suppose -3*q + 2686 = 2*w, -4*q - 7*w + 3*w = -3580. List the prime factors of q.
2, 7
Let a = 3200 - 1518. What are the prime factors of a?
2, 29
Let l(f) = f. Let s be l(-2). Let k be (0 - s)/((-4)/(-66)). Suppose 2*z - 5*b + 2 = 0, 5*z - b = 2*b + k. What are the prime factors of z?
3
Let t(l) = l**2 - 3*l - 4. Let d be t(4). Suppose d = -n - 2*n + 492. List the prime factors of n.
2, 41
Let n = 496 - 171. List the prime factors of n.
5, 13
Let s(z) = 7*z**2 - 33*z - 34. What are the prime factors of s(23)?
2, 3, 5, 97
Let p be (-436)/(-12) - 3/9. Let d = -26 + p. List the prime factors of (-1155)/7*(-4)/d.
2, 3, 11
Suppose 4*z = a + 4480, -7*z + 3*a = -10*z + 3360. List the prime factors of z.
2, 5, 7
Let y(v) = -34*v + 35. List the prime factors of y(-7).
3, 7, 13
Let h(a) = a**3 + 14*a**2 - 6*a + 28. List the prime factors of h(-12).
2, 97
Let k(s) = 396*s + 6. What are the prime factors of k(8)?
2, 3, 23
Let h(v) = 266*v - 23. What are the prime factors of h(3)?
5, 31
Suppose h = -3*h. Suppose 7 = w - h. Suppose 0 = 9*s - w*s - 28. List the prime factors of s.
2, 7
Let z = 174 + -105. What are the prime factors of z?
3, 23
Let z = 738 + -187. What are the prime factors of z?
19, 29
Let g = 9 + -2. Suppose g*j - 8 = 3*j. Suppose j*s - 40 = 3*b, -6*s + b = -5*s - 22. What are the prime factors of s?
2, 13
Let s = 628 - 343. What are the prime factors of s?
3, 5, 19
Let v be 80/28 - 3/(-21). Suppose 2*m - 85 = -5*k, m + 100 = 2*k + v*k. Suppose -a + k = -49. List the prime factors of a.
2, 17
Let i(c) = -6 + 0*c + 6 + 4 + 2*c - c**3. What are the prime factors of i(-4)?
2, 3, 5
Let w be ((-9)/27)/((-2)/24). Suppose w*p = -2*s + 120, 2*p = -2*s - 0*s + 60. List the prime factors of p.
2, 3, 5
Let k = -578 - -1318. What are the prime factors of k?
2, 5, 37
Let j be 2/(-9) + 25/(-9). Let z be (-6)/8*(j + -1). Suppose -100 - 8 = -z*p. What are the prime factors of p?
2, 3
Let f(t) = -8*t**3. Suppose 3*k - 2*k - 4 = 0. Suppose 3*d - 8 + 26 = -3*z, -k*z + 11 = -3*d. What are the prime factors of f(z)?
2
Suppose 68 = -6*p - 4. Let y(s) = s**2 + s - 4. List the prime factors of y(p).
2
Let g(b) be the third derivative of b**5/60 - b**4/12 + b**3/2 - 5*b**2. Let w be g(2). Suppose w - 11 = -2*n, -64 = -2*p + 3*n. List the prime factors of p.
2, 19
Let u(f) = 412*f + 855. List the prime factors of u(8).
7, 593
Let w(n) = n**2 + 6*n - 3. Suppose -25 = 3*t - 4. Let l be w(t). Let q(j) = j**2 + 3*j + 1. What are the prime factors of q(l)?
29
Let t(l) = -l + 22. Let z be t(0). Let i be 240/110 + (-4)/z. Suppose -v + 60 = 3*v - 3*g, 5*g = i*v - 30. List the prime factors of v.
3, 5
Suppose 21*j - 8*j - 3484 = 0. List the prime factors of j.
2,